2) in base 15?
-6328
What is -123236234 (base 7) in base 16?
-772358
What is d1f8a8 (base 16) in base 2?
110100011111100010101000
What is 554440 (base 9) in base 10?
331326
Convert -26116 (base 8) to base 14.
-41c2
-2006036 (base 7) to base 16
-39f47
20013012110 (base 4) to base 11
1222515
Convert 234332242 (base 7) to base 16.
ddb2f1
Convert 1132414 (base 6) to base 7.
333511
Convert -8c3ef (base 16) to base 10.
-574447
What is -10111222100 (base 3) in base 7?
-405600
-1011220222112210 (base 3) to base 7
-264132525
Convert -27840a (base 11) to base 10.
-435731
What is 133440433 (base 5) in base 3?
1021220101012
-37620 (base 16) to base 11
-145486
31383 (base 13) to base 8
254656
Convert -1001001000111110111 (base 2) to base 16.
-491f7
What is 22b396 (base 12) in base 15?
b0810
What is 2523641 (base 7) in base 14?
86891
What is 1518302 (base 9) in base 8?
3147234
Convert -5c6244 (base 16) to base 4.
-113012021010
10111000100000101010000 (base 2) to base 12
2036a40
Convert 666144 (base 10) to base 13.
1a428b
b7864 (base 15) to base 4
2032023322
Convert bb3ed (base 15) to base 10.
594898
-10101001110000100010 (base 2) to base 15
-db055
-213535 (base 8) to base 9
-118083
98783 (base 10) to base 4
120013133
-52440 (base 7) to base 15
-3c60
-21201000111 (base 3) to base 4
-211001131
686914 (base 11) to base 9
2044585
What is 82a91 (base 13) in base 2?
111001010011000010
What is -20633203 (base 7) in base 15?
-24a591
What is -2302231 (base 4) in base 2?
-10110010101101
What is -2656 (base 11) in base 16?
-d79
Convert 110200110 (base 3) to base 4.
2100132
Convert 1000101101101101 (base 2) to base 11.
248a9
Convert -2320243 (base 5) to base 15.
-c668
What is 78e721 (base 15) in base 12?
1b229a1
What is 52920a1 (base 11) in base 8?
43420221
Convert 132045 (base 12) to base 11.
1a5364
-66164 (base 10) to base 14
-1a180
-1121543 (base 7) to base 5
-13434002
3346205 (base 7) to base 14
ab405
What is -260356 (base 9) in base 8?
-464076
What is 4102676 (base 9) in base 10?
2186826
What is -27679 (base 12) in base 5?
-3221100
Convert 1e8e6 (base 15) to base 10.
99891
What is -334214141 (base 5) in base 11?
-919084
What is -994844 (base 11) in base 2?
-110000011100101110000
Convert -573260 (base 16) to base 4.
-111303021200
-3dc96 (base 15) to base 3
-101002102020
Convert -1828744 (base 10) to base 12.
-742374
-110011100100110100 (base 2) to base 15
-428d7
What is -102021100102 (base 3) in base 5?
-24044440
Convert -5250045 (base 9) to base 5.
-1204330044
51ab33 (base 13) to base 7
22140204
Convert -4876a (base 13) to base 9.
-222508
Convert -a8b5bc (base 15) to base 3.
-120010022221020
Convert -1060104 (base 7) to base 3.
-20201012220
Convert 4f1f7b (base 16) to base 5.
2311413103
What is -9027c9 (base 16) in base 12?
-31b7289
What is -2023571 (base 8) in base 6?
-15242013
3233211202 (base 4) to base 8
3574542
What is -42468a (base 11) in base 8?
-2457322
Convert 15346b (base 14) to base 15.
e8e7a
What is 40166 (base 12) in base 3?
11020002020
What is -34a70b (base 12) in base 15?
-11b2ae
Convert 188a6b0 (base 12) to base 2.
10011101011111101100100
Convert 2330087 (base 10) to base 13.
637766
Convert -33220122 (base 6) to base 5.
-223413340
What is -20211101211 (base 3) in base 7?
-1066630
Convert 4486576 (base 9) to base 6.
123504240
What is -45220415 (base 6) in base 16?
-14ecbb
10100110010001110010 (base 2) to base 11
425779
14604643 (base 7) to base 3
2121221212211
-1138145 (base 13) to base 10
-5301587
Convert 3051 (base 13) to base 9.
10116
29876b (base 14) to base 3
2201101220112
Convert 381591 (base 11) to base 16.
930cd
What is -355c54 (base 16) in base 6?
-202542004
-25a8c79 (base 14) to base 11
-a281499
What is -1010011000010100101 (base 2) in base 5?
-41341013
100022022001 (base 3) to base 13
65500
Convert 10201100210 (base 3) to base 5.
4320124
What is -2387259 (base 11) in base 10?
-4153026
What is 1033233421 (base 6) in base 7?
163105360
What is -634535 (base 8) in base 3?
-101201211200
What is 2843 (base 15) in base 10?
8613
10001011102211 (base 3) to base 12
65baa1
What is -113133311 (base 4) in base 16?
-177f5
10213312103 (base 4) to base 14
23788b
13212102 (base 5) to base 11
90319
What is 2a7b8 (base 15) in base 13?
4a321
What is ae3e4 (base 16) in base 3?
1100021000100
-2432224333 (base 5) to base 6
-323025300
-1101011011100111011110 (base 2) to base 14
-679234
What is -28cc6a (base 13) in base 9?
-1783115
-212440112 (base 6) to base 11
-2144623
Convert -2672457 (base 11) to base 2.
-10001100110101111010011
What is -1212012111210 (base 3) in base 5?
-223110132
What is 1220245 (base 6) in base 8?
176605
Convert 1111100111101010110 (base 2) to base 13.
14bc77
-22010133301 (base 4) to base 9
-4863174
Convert 624857 (base 14) to base 2.
1100101001101010101101
b2087 (base 13) to base 5
40144201
2222101001 (base 3) to base 11
40025
-4731777 (base 11) to base 6
-453011430
What is 1010330333 (base 4) in base 5?
33014211
Convert 111222131230 (base 4) to base 12.
1a9a524
100101001110000101101 (base 2) to base 11
763364
What is 23133002111 (base 4) in base 15?
3e70de
What is 25415205 (base 6) in base 13?
22c3a0
Convert -19a355 (base 12) to base 13.
-12b3b1
-24404231 (base 6) to base 3
-1110112222101
What is 602722 (base 9) in base 6?
11345415
Convert -21053235 (base 6) to base 3.
-1011011220112
-2556003 (base 7) to base 8
-1213127
85445 (base 15) to base 9
714022
Convert 1101011010011101010 (base 2) to base 15.
8a370
What is -31000231 (base 4) in base 16?
-d02d
Convert 48818 (base 14) to base 15.
3778b
12220202012010 (base 3) to base 2
1011111111101001111011
-3230422333 (base 5) to base 11
-3985972
32022432 (base 5) to base 11
172868
fb87 (base 16) to base 2
1111101110000111
-137036 (base 11) to base 7
-1551604
1030221201 (base 4) to base 9
527586
Convert -310809 (base 11) to base 2.
-1111001110001010011
Convert 132033 (base 9) to base 4.
103211130
-29502 (base 13) to base 12
-38ba6
What is 3c7b1 (base 13) in base 4?
123223132
Convert -103041114 (base 5) to base 10.
-440159
3032011012 (base 4) to base 10
844102
-11000222221 (base 3) to base 15
-18824
Convert 1110210020 (base 3) to base 11.
1a878
-1145869 (base 10) to base 11
-7129aa
Convert 3113103222 (base 4) to base 12.
366436
496e00 (base 15) to base 5
1400012100
Convert 16386 (base 16) to base 12.
44806
Convert 14642727 (base 8) to base 11.
1995641
What is -132302321311 (base 4) in base 8?
-36627165
-1537aa9 (base 11) to base 10
-2631385
-10115153 (base 8) to base 7
-24106253
What is 16c7cce (base 15) in base 13?
35870a5
Convert 100000101100101111 (base 2) to base 16.
20b2f
What is -20030021220 (base 4) in base 12?
-876520
What is 6543364 (base 7) in base 10?
800755
Convert 9a5329 (base 11) to base 4.
12013111212
Convert -6202652 (base 7) to base 13.
-1cc0a6
What is 1101010100111101110100 (base 2) in base 13?
95430b
-100300333113 (base 4) to base 11
-2532005
What is 1206843 (base 10) in base 6?
41511123
Convert -d68 (base 15) to base 4.
-233033
38a56 (base 13) to base 11
719a3
221121020000 (base 3) to base 8
1730135
Convert -23134235 (base 8) to base 10.
-5027997
-21222223030 (base 4) to base 16
-26aacc
-6768430 (base 9) to base 14
-6ad3c6
-1101101100111101001000 (base 2) to base 10
-3592008
What is -11220001102 (base 3) in base 15?
-1d7cb
Convert 70052 (base 11) to base 15.
205b4
-3c008 (base 14) to base 5
-14220214
What is 1819 (base 16) in base 8?
14031
What is 88662 (base 9) in base 4?
32113232
What is 59655 (base 10) in base 8?
164407
What is -2732 (base 12) in base 4?
-1012112
Convert -33361530 (base 8) to base 3.
-111112212202211
Convert -20001110210 (base 3) to base 4.
-131012010
Convert 458902 (base 12) to base 5.
241123010
-91437 (base 14) to base 15
-6d781
What is 2103020320 (base 4) in base 2?
10010011001000111000
Convert -423326 (base 7) to base 5.
-4320401
What is -22220211200000 (base 3) in base 2?
-10010000101010101011100
25cc6 (base 15) to base 5
12333021
7b5593 (base 13) to base 10
2925172
Convert -12031003 (base 5) to base 7.
-642501
What is 2351035 (base 6) in base 16?
1e1df
Convert 16a534 (base 11) to base 2.
1000000001011000001
-218218 (base 9) to base 10
-130670
Convert -10000111111110011111 (base 2) to base 15.
-b0059
Convert -443431113 (base 5) to base 7.
-22313335